(89854/7)/((-356)/(-1246)) prime?
True
Suppose 3*l - 735046 = -5*s, -4*s + 2*l + 329648 = -258402. Is s prime?
True
Suppose -2612364 = -272*o + 260*o. Is o composite?
False
Suppose 5*x - 97999 = 4*f, 118*x - 113*x - 98017 = 7*f. Is x composite?
True
Suppose 12*u - 7*u + 3*o = 33085, -o = -3*u + 19837. Is (15/6 + 3 - 5)*u prime?
True
Let c(w) = -1130*w - 7. Let p be ((-4)/(-5))/((-8)/(-120)*-6). Is c(p) prime?
False
Suppose 31*j + 4621706 - 25238250 = -j. Is j a composite number?
True
Suppose -7*d = -4*d - 72. Suppose 0 = -3*o + d + 3123. Suppose g = -0*g + o. Is g composite?
False
Suppose 140524 = 19*w - 14*w + 3*d, -5*d - 10 = 0. Let h = -7637 + w. Is h a prime number?
False
Suppose -14*l = 5*o - 10*l + 3104, 0 = -3*l - 18. Suppose 3*h - 3532 = 527. Let u = h + o. Is u prime?
False
Suppose a - 24 = -8. Suppose -t - 15 = -a. Is (574 - t)*(52/12 - 4) a prime number?
True
Suppose -78145 = -4*y + 3*n, y + 4*n = -n + 19565. Suppose -3*a + y = 17*a. Is a prime?
True
Suppose -107*v + 5992953 = 22*v. Is v a composite number?
False
Is 166854/(-2 + 1 + 8/8 + 2) prime?
False
Let c(v) = 14556*v - 683. Is c(12) composite?
True
Let b(i) = 145*i**2 + 484*i - 325. Is b(-90) composite?
True
Is 16/(-14) - (-4129765)/805 composite?
True
Suppose 5*y + n = 105560, 21126 = y - 2*n + 5*n. Suppose -12*v = -y - 15837. Is v a composite number?
False
Let y(a) = a**3 - 7*a**2 + 19*a - 7. Let h(c) = -c**3 - c**2 - 5*c + 2. Let p be h(4). Let k = p + 110. Is y(k) a composite number?
False
Let f = 10858 - -4045. Is f a prime number?
False
Let t = -31 + 49. Let h(l) = 3*l**3 - 21*l**2 + 34*l + 7. Is h(t) a composite number?
False
Let v = -8155 - -28451. Suppose 0 = i - 2, i = -2*d + 5*i - v. Is (-2 + (-6)/(-4))*d/16 composite?
False
Let p be 4/30 + 10/(-75). Suppose m - 11*m + 14770 = p. Is m composite?
True
Let d(i) = -2*i + 15. Let q be d(5). Suppose -764 = -9*f + 7*f. Suppose -1203 = -q*z + f. Is z a composite number?
False
Let l(g) = 11 - 6*g + 3*g**2 - 13*g + 6*g. Let p be 29 - (-3 + (-66)/(-24))*-28. Is l(p) a composite number?
True
Let q(u) = 5*u**2 - 33*u + 28517. Let m(a) = 2*a**2 - 11*a + 9505. Let n(i) = -8*m(i) + 3*q(i). Is n(0) composite?
False
Let i(q) = q - 136*q**3 + 5 + 521*q**3 + 126*q**3 - 7*q + 5*q**2. Is i(3) composite?
False
Suppose 0 = -4*x + 3*g + 10228, 3*x + 2*g - 9303 + 1649 = 0. Suppose -2*j + 24076 = 4*r + x, -r + 53850 = 5*j. Is j a prime number?
True
Suppose -324*z + 867460750 - 293257364 = 70*z. Is z a prime number?
False
Let k = -131810 - -226339. Is k prime?
True
Let l(f) = 63 - 8*f + 22*f**2 - 124 + 67. Let q be l(6). Suppose -5776 + q = -7*i. Is i a prime number?
False
Suppose 0 = 29*k - 7225755 - 3755371 - 26828697. Is k prime?
True
Let d = -44317 + 106619. Is d a composite number?
True
Let q = -311 - -345. Let m = q - -181. Is m a prime number?
False
Suppose -37*y = -40*y - 30. Is 2/y + 104284/145 prime?
True
Let w(h) = -53*h**3 - 5*h**2 - 11*h + 8. Let r(x) = x**3 + 3*x**2 - 17*x + 1. Let t be r(-6). Is w(t) a composite number?
False
Let r be (717/9)/1 - (-12)/36. Suppose -3*x - 19 = r. Is -4*1/22 - 21357/x a composite number?
False
Let m(p) = 4700*p**2 - 3*p - 1. Suppose -s - 54 = 26*s. Is m(s) composite?
True
Let t(x) = -274*x**3 + 2*x**2 - 8*x - 13. Suppose 0 = -q + 1, -4*c + 5*c - 2*q + 4 = 0. Is t(c) a prime number?
True
Let w(c) = c**2 + 8*c - 5. Let s be w(-10). Let q be 1/((2 - -1)/s). Suppose -5128 = -2*d - 2*d + 4*y, 2571 = 2*d + q*y. Is d a prime number?
True
Suppose 7*b + 62 = 90. Is 2462*(14/b)/7 a composite number?
False
Let m(c) = c - 2. Let q be m(-4). Let j(z) = -6*z**3 + 4*z**2 + 13*z + 25. Let y be j(q). Let x = y - 754. Is x a prime number?
False
Let u be 29978/5 - (-14)/245*7. Suppose 5*l + u = 25701. Is l prime?
False
Let f be (-14)/(-21) + (-42)/9. Let c(y) = -44*y**3 - 44*y**2 - 9*y - 1. Is c(f) prime?
False
Let n = -34489 - -90176. Is n a composite number?
True
Suppose -40134 = -7*z + 15*z - 14*z. Is z prime?
True
Let q = 229 + -212. Suppose 10805 = 22*t - q*t. Is t prime?
True
Let u = 210 - 123. Let q = 111 - u. Suppose q = -5*y + 74. Is y a composite number?
True
Let b = 12569 + 50280. Is b a prime number?
False
Let u(v) = 50*v**2 - 184*v - 683. Is u(-40) a prime number?
True
Let h(t) = -2*t**3 + 20*t**2 - 6*t - 18. Let q(l) = l + 2. Let o be q(2). Let f(s) = -s**3 + 10*s**2 - 3*s - 9. Let z(b) = o*h(b) - 9*f(b). Is z(10) prime?
False
Let c(d) = -11*d - 237. Let n be c(-22). Suppose 8501 = n*p - 3814. Is p a composite number?
True
Let g be 351/(-5) - (-3)/15 - -4. Let j be -53*(4 + g) - 3. Suppose 0*p - 4*p + 4398 = 5*v, -3*p + 4*v = -j. Is p a prime number?
True
Let i(h) = -2*h - 4. Let j be i(-4). Suppose -4769 = -j*d + 7191. Let k = d + -171. Is k a prime number?
True
Suppose 4*j = -4*h - 60, -16*h + 12*h = -2*j + 36. Is h + 6 - (-4968)/2 a composite number?
True
Is (3 + (-102)/30)/(-2*(-1)/(-550085)) composite?
False
Suppose -5*q + 15160 = 5675. Let m be (-1065)/(-1 - -2) - (-9 + 6). Let y = m + q. Is y a prime number?
False
Let t(p) = -p**3 - 6*p**2 - 3*p + 10. Let g be t(-5). Let n be (288 - g)*(-34)/3. Let d = n + 5843. Is d composite?
False
Let t be 2 + (6 - 7) - -12. Suppose 11*w = t*w - 4666. Is w a prime number?
True
Let f be (-2)/12 - (-2)/12. Suppose f = -n + 28906 - 5248. Is (n/24*2)/((-2)/(-4)) a prime number?
True
Let y = 6098 - 2889. Is -2*(-2)/(2/y) prime?
False
Suppose 3*m - u = 11819, -3*m - 11*u = -8*u - 11835. Let y = 10294 - m. Is y prime?
True
Is (-4894)/((-32)/4 - (-66)/9) composite?
True
Suppose -26*c + 31*c = -2*t + 29927, 3*t + 4*c = 44901. Is t a composite number?
True
Is (-5)/((-25)/20)*16689*10/60 a composite number?
True
Suppose -q - 105 = 2*g + 4*q, -2*q = -2*g - 126. Let w = g + 74. Let h(t) = 3*t**2 - 11*t + 33. Is h(w) prime?
True
Let i be (-56)/10 + (-2)/5. Let u(z) = -23*z**3 + 43*z**2 + 4*z - 5. Is u(i) a composite number?
True
Let o be (62/(-4) - 1)/(21/56). Let r = 56 + o. Is 2044/16 + (-9)/r composite?
False
Let l be ((-4)/(-10))/(35/525). Suppose k - 7 = 9. Let b = k + l. Is b prime?
False
Suppose 545274 = -105*d + 123*d. Is d composite?
False
Suppose -4*s - 4*u = -28, 2*s + 9 = 4*u - 1. Let a be (4/s)/((-6)/5067). Is 9/(-6)*a/3 prime?
True
Let i(s) = 3*s**2 + 10*s + 9. Let r be i(-1). Suppose 0 = 3*z + 3*n - 3633, -r*z + 2262 + 162 = n. Is z a prime number?
True
Suppose 12*t + 66059 = 5*t. Let h = 14046 + t. Is h a prime number?
False
Let v(z) = 7*z**2 + z - 1. Let m be v(-1). Suppose m*u + 5*f = 5380, 0*u = 3*u - f - 3208. Suppose 0 = 8*p - u - 1353. Is p prime?
False
Let t be 5/15 - -23*2/6. Suppose 0 = -5*v + t*v - 2109. Is v prime?
False
Suppose 16*z = 14*z - 5*s + 129702, 389258 = 6*z - 4*s. Is z composite?
False
Suppose -15 = -3*d - 3, -3*v + 2*d = -7. Let s(a) = 305*a**3 - 7*a - 21. Is s(v) a composite number?
False
Let s(a) = a**2 + 19*a + 30. Let c be s(-17). Let b be 39*(3/(-18))/(2/c). Suppose 3*m - 3568 = -p, 3*p + 2 = -b. Is m a prime number?
False
Let j be (-8)/(-24) + 2/(-12)*-22. Suppose -4022 - 1142 = -j*h. Is h prime?
True
Let y(u) = -u**2 - 3*u + 16. Let a = -48 + 42. Let j be y(a). Is -5 - 0 - j*95 composite?
True
Let l be (-32)/304 - 120236/(-38). Suppose l*f = 3159*f + 110. Is f a prime number?
False
Let h(p) = -p**2 + 25*p - 44. Let v be h(23). Suppose 28221 = 3*s - 12*r + 9*r, v*s + 4*r - 18826 = 0. Is s prime?
False
Let q = -1066 - -3689. Suppose -7*g = -q - 2830. Is g prime?
False
Suppose -3*q + 8*q = 545. Suppose -t + q = -33. Suppose -t = -8*a + 1122. Is a a prime number?
False
Let k(c) be the second derivative of -c**5/20 + 11*c**4/12 - 4*c**3/3 + 15*c**2/2 + 16*c. Let v be k(10). Let p = v - -354. Is p a composite number?
False
Suppose -u + 550 = 2*o, 4*o + 26*u = 22*u + 1108. Suppose -z - o = -724. Is z composite?
True
Suppose 0 = -2*p + 5*r - 5 + 16, p + 5*r = -2. Suppose -8*h = -231 + 191. Suppose -p*l - 4*j = -7682 + 399, h*j + 4863 = 2*l. Is l composite?
True
Let j be 502198*(-7 - (-105)/14). Suppose -17*b + j = -10242. Is b a prime number?
True
Let v = -12 - -14. Let j(r) = 7*r + 28*r**v - 1 - 5*r + 0*r. Is j(2) prime?
False
Suppose -131*g + 18327149 = 18*g. Is g a composite number?
False
Suppose 5*p + 1631 = -2*g, -5*g - 4087 = -5*p + 8*p. Let b be (-1)/(-5) + 4232/(-10). Let i = b - g. Is i a composite number?
True
Let p(z)